ite?
True
Let x(m) = m**3 - 6*m**2 + m + 5. Let d be x(4). Let s = 27 - d. Is ((-12)/15)/(-4) - (-57540)/s prime?
True
Let o(v) = -2*v**2 - 15*v - 6. Let j be o(-6). Suppose -4*n - s + 15 = 0, 3*s + j = -n + 8*s. Is (4/(-6))/2*n + 192 prime?
True
Let r be 10/15 - 48/(-9). Let b(q) = 4353*q + 35. Is b(r) composite?
False
Is 1 + -2 + 2 - (9 - 135511) composite?
True
Suppose 247 = 9*d - 50. Let c = d - 35. Is 294 + (c - 2/(-2)) prime?
True
Let r = -16032 + 38645. Is r a prime number?
True
Is (-2)/(-15) + 67469131/1905 composite?
True
Let g(s) = -1503*s - 257. Let b be g(-5). Suppose 4*v + b = 2*u, -2*v = 2*u - 2432 - 4844. Is u composite?
True
Let r be 34 - 36 - (1 - (-40 - -1)). Let b be r/(-2) - (-24)/(-6). Let x = b - -1542. Is x a composite number?
False
Suppose 5*r - 1415398 = -16*g, 4*r = -13*g + 14*g - 88471. Is g a composite number?
False
Suppose 241*z - 46*z - 5875935 = 0. Is z a prime number?
True
Is (64/10)/(2/64465) - -5 a composite number?
True
Let p = -143 + 355. Let c = 9 - 4. Suppose -4*t = 3*y - 2*t - 571, 0 = -y - c*t + p. Is y composite?
True
Let o(m) = 2*m - 19. Let d be o(11). Let q(r) = 19*r**3 + 2*r**2 - 4. Let y be q(d). Suppose -5*u + 5*s = -y - 2253, -3*u + 1675 = 4*s. Is u composite?
False
Is (-596)/894 + (-6005806)/(-6) prime?
False
Suppose 0 = -2*r + 4*k + 14, 3*k - k = -5*r - 1. Let g be 2*r/(3/(-6)). Is 202 + -1*(7 + g)/3 composite?
True
Is ((-128)/(-96))/(8/(-54)) - -121840 a composite number?
True
Let m = -10968 + 21284. Suppose -21*j + 2*v - m = -23*j, 0 = -5*j + 5*v + 25760. Is j composite?
True
Is (-1 - -1) + -18787*(-2)/2 a composite number?
False
Is (-1 - 0)*2*4743893/(-14) composite?
True
Let o = 1224 - 651. Suppose 6*k - 6327 = -o. Is k prime?
False
Let j be 310/3 + (-16)/(-6) + -2. Suppose 0 = -6*b - 7*b + j. Suppose -b*r + 785 = -3*r. Is r a composite number?
False
Let y be 98*(63/(-6))/(-7). Let n = y + -47. Suppose -3*r - 3*f + 156 = -8*f, -2*r = -2*f - n. Is r a composite number?
False
Let n(p) = -27*p**2 + p + 2. Let i be 1/(2*1/(-2)). Let y be n(i). Is ((-22)/(-3))/(y/(-741)) a prime number?
False
Let f(j) = 6*j**3 + 25*j**2 + 16*j - 3. Let a(h) = 2 - 10*h - 24*h**2 - 147*h**3 + 142*h**3 - 6*h. Let s(b) = -7*a(b) - 6*f(b). Is s(15) composite?
False
Let x = 22395 - -11754. Is x a prime number?
False
Let l be ((-17)/(-34))/(5/117690). Let p = 4021 + 584. Suppose -6*i + l + p = 0. Is i prime?
True
Let b be (-6)/8 + (-77)/(-28) + 2. Let q be b - 0 - (-1140 - 0). Suppose -5*g + g + q = 4*n, -848 = -3*n - 5*g. Is n prime?
False
Let r be (-4)/18 + 20/9. Let w be (10 - 10)/(-13) - -384. Suppose -n + 3609 = 4*x, r*x + 4*n - 1438 = w. Is x a prime number?
False
Let r(d) = 859*d + 32. Let p be r(-2). Let u = 2593 + p. Is u a prime number?
True
Let d = -1580648 + 2239069. Is d composite?
True
Let l = -1472 + 764. Let n = -151 - l. Is n a prime number?
True
Suppose 13649 = -3021*n + 3022*n. Is n a composite number?
False
Let u(n) = -11309*n + 60. Is u(-1) prime?
True
Is 1/(2/82051*(322/(-28))/(-23)) a prime number?
True
Suppose -69*k = -8532821 - 724702. Is k a prime number?
False
Suppose -2*a + 144580 = -12*a + 655050. Is a composite?
False
Suppose 0 = -8*j + 332454 + 258874. Suppose j = 14*o + 20394. Is o composite?
False
Suppose 30*j - 28*j + 30362 = 0. Let y = 21308 + j. Is y prime?
False
Let h(l) = l**3 + 8*l**2 - 10*l - 9. Let c(y) = 4*y + 15. Let g be c(-6). Let j be h(g). Suppose j*a = 4*a + d - 2953, -5*d - 3710 = -5*a. Is a a prime number?
True
Is 2/18 + -28792*(-477)/81 a prime number?
True
Let o(f) be the second derivative of 3*f**4/4 - 2*f**3 - 16*f**2 - f - 4. Is o(-5) prime?
False
Suppose -9 - 7 = -4*d. Let x be (3 - d) + 2 - (-9 + 4). Let z(v) = 384*v + 23. Is z(x) a prime number?
False
Is (182776 - -24) + 2/((8/6)/2) composite?
False
Let y be (-85)/(-10)*(-34)/(-1). Let r = y + 114. Suppose -i - u + 513 = -r, -2*i - u = -1835. Is i composite?
False
Let j be 842 + -2*1/1. Suppose -3054 = -5*u - 3*b + j, -u + 768 = -3*b. Suppose -h + 5*w + u = 0, h + w - 809 = -2*w. Is h prime?
True
Let c(x) = -x**3 - 2647*x**2 + 2650*x**2 - x + 5071 - 1800. Is c(0) a composite number?
False
Suppose 2*g + 5*z = 6, -4*z - 19 = -4*g + 21. Let x(p) = 377*p**2 - 10*p - 53. Is x(g) prime?
False
Suppose -3*r = -4*m + 13156, m = -r + 3*r + 8774. Let t = r - -2904. Let z = 2457 + t. Is z composite?
True
Let j = -18512 + 11982. Let w = j - -15453. Is w a composite number?
False
Let k(g) = 14*g**2 - 6*g + 9. Let x(p) be the first derivative of p**3/3 + 13. Let z(n) = k(n) + 6*x(n). Is z(5) prime?
True
Suppose 45*h = -86 - 4. Is 74/(-592)*h*133508 prime?
True
Let i = -305 + 158. Suppose 0 = 3*j - 311 - 499. Let u = i + j. Is u prime?
False
Let b = 8943 + 11120. Is b prime?
True
Let t be (-3 - 0)*(-40)/(-12). Let p be (-10)/(-25) - 3806/t. Is p/2*60/18 a composite number?
True
Is 1822170 - ((5/(-2))/(88/176) - -6) a prime number?
True
Let w = 8556 - 6989. Is w prime?
True
Suppose 209976865 = 437*s - 175278402. Is s a prime number?
True
Suppose 0 = 5*p - 10*p - 35, 0 = -5*d - p + 2164398. Is d a prime number?
False
Is -4 + ((-324497994)/(-1606) - (-12)/(-22)) prime?
True
Let q be ((-5)/15)/((-5)/6690). Let x = q - 967. Let n = 806 - x. Is n a composite number?
False
Suppose 2*o + o = 54. Let m = -8122 - -9655. Suppose -537 = -o*c + m. Is c a composite number?
True
Let t be 8/7*(13 + -6). Suppose -5*y + t*s + 34859 = 7*s, 5*y = 2*s + 34863. Is y a prime number?
True
Suppose 153*q = 154*q + 976. Let k = q - -1629. Is k composite?
False
Suppose 0 = 210*u - 142*u - 350897 - 589475. Is u prime?
True
Let s(d) = 1352*d**2 + 2*d - 5. Let i be s(-3). Let k be 12/((-20)/5) + 0 + i. Suppose 3*a + 4681 = k. Is a composite?
True
Suppose 5*c + 11447 = -17938. Let p be c/(-6)*((-4)/4 - -5). Suppose p = 2*v + 776. Is v a prime number?
True
Let m(t) = 8*t**2 + 14*t - 21. Let r(f) = -f + 1. Let n(p) = m(p) + 6*r(p). Let w be n(8). Let q = w + -266. Is q a composite number?
True
Let m = -2841 + 10648. Suppose 6*i = m - 901. Is i prime?
True
Suppose 3 = u - 3*l, 4*u - 12 = -0*l + l. Suppose u*j = -0*j. Suppose -5*z + 3*q + 20 + 107 = j, -5*z + 107 = 2*q. Is z a composite number?
False
Let a(o) = -187*o**3 + 20*o**2 + 79*o + 51. Is a(-8) a composite number?
False
Let o = -34636 - -57825. Is o composite?
False
Suppose 0 = -19*a - 3*i - 93636 + 1067528, -2*i + 153777 = 3*a. Is a a prime number?
True
Suppose 0 = 175*d - 172*d - 3. Suppose f + 5*l = 1024, -3*l = -5*f - 2*l + 5042. Is d/(-4) + (-45)/(-20) + f prime?
False
Let q(d) = 29*d + 3. Suppose y = 2*y + 4. Let v be q(y). Let p = 206 + v. Is p a composite number?
True
Suppose 65096 = -10*v + 315546. Let g = v - 5676. Is g composite?
True
Suppose -38*p + 43*p - 4665 = 0. Let m = 318 + p. Suppose 0 = 3*h - 2202 - m. Is h a composite number?
False
Suppose 5*a - 5 - 5 = 0. Let n be 5382/a - (-7 + 4 + 3). Suppose n = 5*q + 4*q. Is q composite?
True
Let r(o) = -o**2 - 135*o - 863. Is r(-66) prime?
True
Let a(n) = -n**3 - 3*n**2 + 17*n - 17. Let f be a(-13). Suppose -2*u = -3*j - 5*u + 876, 5*j - 3*u = f. Let d = 737 - j. Is d a composite number?
True
Let q(r) = -406967*r**3 - 5*r**2 + 8*r + 13. Is q(-1) prime?
False
Suppose 326737 = 22*i - 65325. Is i a prime number?
False
Suppose 0 = 3*g + 4*g - 210. Suppose -8158 = 5*h - 698. Is 75/g*h/(-10) prime?
True
Let x(r) = -315*r + 106. Suppose -3*u - 5 = -2*v, -2*u - 2*v = 21 - 1. Is x(u) a composite number?
True
Let w(n) = -40*n + 145. Suppose 41*s - 45*s = 2*q + 20, 0 = -4*q + 2*s + 10. Is w(q) a prime number?
False
Let p(a) = 24*a - 5688. Let r be p(0). Let d = -1027 - r. Is d a composite number?
True
Let a = 65914 + 74419. Is a a composite number?
False
Let o be 7 - 7 - (1 - 6). Suppose -5397 = -o*x + 348. Is x a composite number?
True
Let m be (-5 - -3 - 1746) + 2. Is 4 + (-11)/(22/m) a composite number?
False
Suppose -100*w + 137028273 - 48688730 = 79*w. Is w a composite number?
True
Is (-9)/(8 - (54/589059)/((-4)/(-349078))) a prime number?
False
Let u(s) = 6728*s**2 + 151*s - 1401. Is u(8) a prime number?
False
Let y = 77 - 59. Suppose y*p + 31592 = 166574. Is p prime?
True
Let x = -50 + 182. Is 3*11/(x/8696) a composite number?
True
Let w be -2 - ((1 - -3) + -1826). Let a = w - 363. Let j = a + -780. Is j a prime number?
True
Let v be 2/(-1*(6 -